ens digit of b(c)?
1
Let i be 12*-1*2/(-2). Let o = i - 44. What is the units digit of 4/(-10) - o/5?
6
Suppose 232 = 2*v - u - 23, -2*v + 2*u + 254 = 0. What is the tens digit of v?
2
Suppose -2*x + 5*o = 22, 5*x + 25 = 3*o - 68. Let h = -8 - x. What is the units digit of h?
3
Suppose 126 - 456 = -5*m. What is the tens digit of m?
6
What is the units digit of (2 - 8)/((-1)/18)?
8
Suppose -u + 63 = -0*u + 5*t, -3*t = -2*u + 191. What is the units digit of u?
8
Suppose 10*s - 15*s = -160. Suppose s = -y + 84. What is the units digit of y?
2
Suppose 5*i - 47 = 58. What is the units digit of i?
1
Suppose 3*z - 128 = c, -5*z - 4*c + 216 = -3*c. Suppose -z = -5*r + 17. What is the units digit of r?
2
Let w be (10/(-2))/(0 + 1). Let s(i) = i**3 + 5*i**2 - 2*i + 5. What is the tens digit of s(w)?
1
Let v be 2/(-6)*0/(-5). What is the units digit of 14 + v - (0 - 0)?
4
Suppose -j + 2 = -0. Suppose -3 + 2 = -t - 2*w, j*t = -w + 2. What is the units digit of t?
1
Let q = 148 + -58. What is the tens digit of q?
9
Let a(m) = -m**3 + 10*m**2 - 5*m - 3. What is the units digit of a(9)?
3
Suppose -5*l + 3*l = 42. Let z = 26 - l. What is the units digit of z?
7
Let f(v) = -2*v**3 - v**2 + 2*v + 1. Suppose 0 = -4*p - p - 10. What is the units digit of f(p)?
9
Suppose 6 = -2*y - 3*a, -a - a - 17 = -3*y. Let r(x) = -x - y + 0*x + 7*x. What is the units digit of r(2)?
9
Let y(t) = -t**2 - 6*t - 6. Suppose v + 4 + 0 = 0. Let s be y(v). Suppose -s*b = 3*b - 5. What is the units digit of b?
1
Let j be 2358/(-45) - (-4)/10. What is the tens digit of (j/(-65))/((-1)/(-30))?
2
Suppose -3*h - 60 = -0*h. Let m = 28 + h. What is the units digit of m?
8
Let a(c) = c**3 - c**2 - 7*c + 3. What is the units digit of a(4)?
3
Let r = 0 + 2. Suppose -r*x = 2*x - 24. What is the units digit of x?
6
Let o(k) = k**2 - 2*k + 1. Let u be 12/20 + (-2)/(-5). Let y be o(u). What is the units digit of (y - 0) + (-1 - -2)?
1
Suppose r - 5*o - 5 + 1 = 0, -2*r + 8 = -4*o. Suppose -2*k - 3 = k, r*k = -t. Suppose 8*x = t*x + 32. What is the units digit of x?
8
Suppose -1792 + 350 = -7*m. What is the tens digit of m?
0
Suppose 3*x + 0 = d + 5, -3*x + 1 = d. Let o(i) = i. Let b be o(1). What is the units digit of (3 - x - 1)/b?
1
Let f(b) = -4*b**3 - 2*b**2 + 1. Let z be f(1). Let a = z - -7. What is the units digit of (-1 - a)/((-7)/42)?
8
Suppose -2*v = 2*v. Suppose v*g + 27 = 3*g. What is the units digit of g?
9
Let g = 14 + -11. Suppose 1 = -b, g*h + 2*b + 31 = 98. What is the tens digit of h?
2
Suppose 129 = 5*p + h, 4*h - 76 = -3*p + 2*h. What is the units digit of p?
6
Suppose 5*w - 36 = w. Let u(s) = -s + 12. Let l be u(w). Suppose 2*q = 2*d + 12, 8 = -5*q + l*d + 30. What is the units digit of q?
2
Let t = -1 + -1. Let h be -2*(t/(-4) + -2). Suppose 0*x - h*w = 5*x - 47, -10 = -2*x + w. What is the units digit of x?
7
Let i be (-4)/(-1)*9/4. Let w = 8 + -9. Let u = w + i. What is the units digit of u?
8
Let p be (-19)/(-1) - (3 + -2). Let c be p/4 - (-3)/6. Suppose c*f - 10 = -0*f. What is the units digit of f?
2
Let p be (-6)/4*(-16)/12. Suppose -2*z + p = -22. What is the units digit of z?
2
Let v be (1 + 0)/((-2)/(-8)). Suppose -8 = v*w, 4*w + 4 + 8 = 2*r. Suppose -r*d + 3*d = 4. What is the units digit of d?
4
Suppose 0 = -4*k + 2*k - 4, -4*u = -2*k - 112. What is the tens digit of u?
2
Suppose f - 134 = -18. Suppose g + z = 5*z + 8, z + f = 5*g. What is the tens digit of g?
2
Let y = -131 + 326. What is the units digit of y?
5
Suppose 2*a - 2 = 2*w, -4*w - 5*a + 7 = 29. What is the units digit of (2 - (-13)/w)*-6?
4
Suppose -4*o - 58 = 5*a - 176, -136 = -4*o + 4*a. What is the tens digit of o?
3
Let x = 27 - 6. Suppose y - 4*g - x = -5*g, -18 = -y + 2*g. What is the units digit of y?
0
Let i(y) = -40*y - 5. What is the units digit of i(-4)?
5
Let r(k) = -2*k**2 + 3*k**2 - 3*k**2 - 2 + k**3. What is the units digit of r(3)?
7
Let l(x) = x**3 + 8*x**2 + 7*x + 4. Let y be 4/2 - (8 + 1). Let z be l(y). Suppose -10 = -5*m, 9*m = 2*f + z*m - 2. What is the units digit of f?
6
Let y(b) = b**3 + b**2 + 3*b - 7. What is the tens digit of y(3)?
3
Let r = 6 + -6. What is the units digit of -3 + 5 + (r - -2)?
4
Suppose d - 76 = 3. What is the units digit of d?
9
Suppose 0 = -3*f + f + 22. Suppose 0*g + 4*g = -5*u - 10, 2*u - 2*g + 22 = 0. Let d = f + u. What is the units digit of d?
5
Let y(o) = -4*o**3 - o. Suppose 3*i = -2*s - 18, 0*i + 4*i + 23 = -3*s. Let v(n) = n**2 + 8*n - 1. Let t be v(i). What is the units digit of y(t)?
5
Suppose 5*b + 10 = -10. What is the tens digit of (-4)/16 + (-49)/b?
1
Suppose 2*q + 117 = -209. Let t = -275 - q. What is the units digit of (-12)/54 + t/(-18)?
6
Suppose -2*b = -6*b + t, 3*b = -3*t. Suppose 5*x - 150 = -b*x. Suppose k - x = -4*k. What is the units digit of k?
6
Suppose -f + 2 + 0 = 0. Suppose -7*q = -f*q - 30. What is the units digit of (-8)/q*45/(-10)?
6
Let l = 0 + 1. Let h be (-4)/(0/l - 2). Suppose 0 = 4*q - 3*q - h. What is the units digit of q?
2
Suppose 6*o - 3*o = 2*q + 3, -o + 1 = -3*q. Suppose l + 4*u = q, -l - 2 - 3 = 5*u. What is the units digit of l?
0
Let q = 9 + -9. Suppose 2*x + 3*x - 175 = q. What is the tens digit of x?
3
Suppose -5*l = -3*l - 98. What is the tens digit of l?
4
What is the units digit of (2*(-1 + 2))/1?
2
Suppose 3*j - 3*z + 83 = -z, -5*z + 45 = -j. Let g = j + 43. Suppose -g = 4*a - 62. What is the tens digit of a?
1
Let j(a) = a**2 - 5*a - 3. Suppose y - 26 = -3*x + 36, 0 = -4*x - 2*y + 82. Suppose 4*v + l - 21 = 0, -v + 5*l + x = -0*l. What is the units digit of j(v)?
3
What is the hundreds digit of (34/6 + -3)*51?
1
Suppose -5*f + f - 3*u = 177, 3*f - 2*u + 120 = 0. What is the units digit of ((-24)/(-18))/((-4)/f)?
4
Let k = -30 - -134. What is the units digit of k?
4
Let x(u) = u**3 + 2*u**2 - 4*u. Let o be x(-5). Let i = o + 82. What is the units digit of i?
7
Suppose 3*z = -4*w - w + 80, -w + 5*z - 12 = 0. What is the tens digit of w?
1
Let x = 198 + -75. What is the tens digit of x?
2
Let u(m) = 6*m**2 - 2*m. What is the units digit of u(3)?
8
What is the tens digit of 1 - (4/(-10) - 493/5)?
0
Let p(x) be the third derivative of -x**6/40 - x**5/20 - x**4/12 - x**3/6 - 3*x**2. What is the tens digit of p(-2)?
1
Suppose 63 + 27 = 5*p. What is the units digit of p?
8
Let c = 351 - 158. What is the tens digit of c?
9
Let l = 26 + -16. Let s(z) = -13 + 0 + 3*z - z. What is the units digit of s(l)?
7
Suppose -4 - 6 = -2*h. Suppose -2*c = -2*p + 14, -h*c + 14 - 39 = 0. What is the units digit of p?
2
Let m be 4 - (-4 + 6/1). What is the tens digit of m - (-4 - 1) - -3?
1
Suppose 0*o = -o - 33. Let c = -19 - o. What is the units digit of c?
4
Let v be 1*-3*(-2 - -4). Let i = v + 13. Suppose 3*u - 22 = -i. What is the units digit of u?
5
Let u be -2 + 2 - 0/2. Suppose -5*v + 85 = 5*i, u*i = -v - 4*i + 11. Let j = v - 9. What is the tens digit of j?
1
What is the units digit of (0 + 1356/(-10))/((-2)/5)?
9
Let o(f) = 49*f. What is the units digit of o(1)?
9
Suppose -t + 2*t = 0. Let m(v) = -v**2 + v + 4. Let i be m(0). Suppose i*b + b - 5 = t. What is the units digit of b?
1
Suppose -9 = -0*g - g. What is the tens digit of (7 - g)/((-4)/74)?
3
What is the tens digit of 41*2/(1 - -1)?
4
Let g be (0 - -3) + -2 + 11. Let c = g - -13. What is the units digit of c?
5
Suppose -5*f + 2*h - 4 = 0, 2*f - h + 2 + 0 = 0. Suppose -2*y - s + f*s = -102, 8 = 4*s. What is the units digit of (y - -1)*8/24?
7
Let p(q) = 9 - 7*q**2 + 10*q + 6*q**2 + 3*q. What is the tens digit of p(8)?
4
Let m = -27 - -42. Suppose -5*r = -m - 20. What is the units digit of r?
7
Let a(d) = 43*d - 39. What is the units digit of a(6)?
9
Suppose 535 = 5*q + 4*o, -3*o = -2*q + 2*o + 214. What is the units digit of q/4 - 39/52?
6
Let y(o) be the second derivative of o**5/20 - o**4/3 - o**3/6 + 3*o**2/2 - o. Let m be y(4). Let x = m + 3. What is the units digit of x?
2
Suppose -3*d = -5*d + 26. Suppose -2*j = 9 - 3. What is the units digit of 1 + 0 + j + d?
1
Let c(p) = 5*p - 10. Let b be c(4). What is the units digit of (6/b)/(2/50)?
5
What is the units digit of 12/(-1 + -2) - -135?
1
Suppose -3*m + 6*m = 9. Suppose m*j - 2 = 10. What is the units digit of j?
4
Let l = 5 + -3. Suppose -l*o + 20 = 2*o. What is the units digit of (-1)/o - (-42)/10?
4
